 = 1, -5*v - 19 = -2*g. Suppose 2*t + g - 32 = u. What are the prime factors of t?
3, 5
List the prime factors of -1 + -1 + 4 + 390 + -3.
389
Suppose -3*y - 2*b = 2*y - 2423, 1939 = 4*y + b. What are the prime factors of y?
5, 97
Let c be 98605/25 + (-4)/20. Suppose 20*y = 3*y + c. List the prime factors of y.
2, 29
Let n(x) = -x**2 + 6*x - 2. Let y be n(6). Let h be y - (116*1)/(-4). Suppose 0 = -3*z + 21 + h. List the prime factors of z.
2
Suppose -3*a + 142 = 5*s - 5, 0 = -3*s + 2*a + 92. Let n = s - 21. Let y = 15 - n. What are the prime factors of y?
2, 3
Let m(p) = -105*p - 475. List the prime factors of m(-5).
2, 5
What are the prime factors of 11228/((10 + 6)/8)?
2, 7, 401
Let f(v) = -v**2 + 5*v - 2. Let x(i) = i**2 - 6*i + 2. Let n(w) = -2*f(w) - 3*x(w). Let j be n(9). What are the prime factors of (-1 + j)*5/(-3)?
2, 5
Let o = 9 + -14. Let c(h) = -23*h - 10. What are the prime factors of c(o)?
3, 5, 7
What are the prime factors of (376/(-14))/(50/(-1575))?
2, 3, 47
Let t(r) = -10*r**3 + 3*r**2 - 2*r. Let n(z) = -9*z**3 + 2*z**2 - z - 1. Let k(h) = -5*n(h) + 4*t(h). What are the prime factors of k(2)?
47
Let x(i) = 6*i**2 + 2*i - 4. Suppose 5 - 2 = -d. List the prime factors of x(d).
2, 11
Suppose 0 = -2*t - 3*a + 61, 4*t + t = -3*a + 139. Let f be 6/(-4) + 169/t. Suppose f*d - 42 = -k - 17, 5*k + 4*d = 125. List the prime factors of k.
5
Suppose 971 = 6*m - 4309. Suppose -15*h + 7*h + m = 0. What are the prime factors of h?
2, 5, 11
Let d(j) = j**2 - 14*j + 12. Let q be d(13). Let x be (0 - 4) + (3 - q). Suppose x = 4*k - 73 - 99. List the prime factors of k.
43
Let x = 114 + -30. Suppose 0 = 4*a - a - x. Suppose 0 = -0*z - 2*z + a. List the prime factors of z.
2, 7
Suppose 2*m = 61 + 305. What are the prime factors of m?
3, 61
Let r = -29 - -26. Let t = 8 + r. Suppose 0 = t*f, 4*g - 393 + 133 = -f. What are the prime factors of g?
5, 13
Let t = -10 - -51. Let v = -20 + t. Suppose -2*r - 4*i - v = -65, 0 = 4*i + 20. What are the prime factors of r?
2
What are the prime factors of (-1)/(2/(-4594)) - (-2 - -4)?
3, 5, 17
Suppose 3*j + 4*y - 16 = 0, -4*y + 0 = -4*j - 16. Suppose 2*i - 398 = -5*h, -197 = -i - j*h - 2*h. List the prime factors of i.
3, 7
Suppose -22*c = -9381 - 4061. List the prime factors of c.
13, 47
Suppose 19*n = 37*n - 27144. What are the prime factors of n?
2, 13, 29
Let k be 95/57*18/10. Suppose -5*y + 1090 = 5*l, -k*y + 411 + 231 = -l. What are the prime factors of y?
5, 43
Suppose 280 = -5*i - 2*s + 1225, 0 = 4*i - 2*s - 774. Suppose 119 = 4*c - h - 36, i = 5*c - 4*h. What are the prime factors of c?
3, 13
Suppose -11*q = -2*j - 15*q + 2930, -q - 2955 = -2*j. List the prime factors of j.
5, 59
Let m be -3*-2*(-3)/(-6). Suppose m = z - 1. Suppose -z + 16 = s. What are the prime factors of s?
2, 3
Suppose 0 = 5*a + 2*b - 6512, 13*b - 18*b = -4*a + 5236. What are the prime factors of a?
2, 163
Let y be 22/(-55) - (-17)/5. Suppose 4*s = -y*c + 103 + 459, 4*c - 4*s - 796 = 0. Suppose -5*d + 121 + c = 0. List the prime factors of d.
3, 7
Suppose 30 = 3*x + 2*a, -5*x + 0*x - 3*a = -50. Let d = x + -9. Let n = 3 - d. List the prime factors of n.
2
Suppose -f + 4*r + 121 + 39 = 0, -2*f + 340 = -3*r. What are the prime factors of f?
2, 11
Let b = 303 - -150. What are the prime factors of b?
3, 151
Suppose 5*j - d = 4223 - 248, 0 = -5*d. What are the prime factors of j?
3, 5, 53
Suppose 3 - 2 = -g. Let r be (3 + -2 + g)/(-3). Suppose 3*d - 2*n - 13 = r, -3*d = d - 2*n - 16. What are the prime factors of d?
3
Let o = -1 - -4. Suppose 2*l = o*l - 1. Suppose 7 = 4*x - l. What are the prime factors of x?
2
Let k = 5381 - 1482. List the prime factors of k.
7, 557
Suppose a + 113 = 4*o, 163 - 2 = -2*a - 5*o. Let f = a + 141. List the prime factors of f.
2, 3
Suppose k = 3*b - 0*b - 5, -4*b + 12 = 4*k. Let v(f) = 96*f**3 + f - 1. List the prime factors of v(k).
2, 3
Let j = 94 - 72. Suppose j*d - 28*d = -210. What are the prime factors of d?
5, 7
Let q = -29 - -29. List the prime factors of 5/5 + q + (-2 - -116).
5, 23
Let z(i) = -30*i - 5. What are the prime factors of z(-6)?
5, 7
Suppose 11*s = 14*s - 9. Let o = 100 + -41. Suppose 3*x + 4*b - 68 = 0, 4*x + s*b = 4*b + o. What are the prime factors of x?
2
Let x(q) = q**3 + 2*q**2 - 22*q + 16. List the prime factors of x(6).
2, 43
Suppose -17*r - 12457 = -38620. List the prime factors of r.
3, 19
Let b(q) = 20*q + 40. Suppose -53 + 13 = x. Let j(y) = y - 1. Let o(n) = x*j(n) - b(n). List the prime factors of o(-1).
2, 3, 5
Suppose -3*i + 2525 = l, 51 = 5*i + 36. What are the prime factors of l?
2, 17, 37
Let w(h) = -1 + 10*h - 3 - 2*h**2 - 11*h + 15*h**2. List the prime factors of w(3).
2, 5, 11
Let t(m) = 22 - 274*m**3 + 5*m**2 - 22 - 3*m**2. What are the prime factors of t(-1)?
2, 3, 23
Suppose 13*m = 19*m. Let o(l) = -3*l + l + 23 + 0*l. List the prime factors of o(m).
23
Let d = 61 + -56. Suppose d*j - 602 + 45 = 4*a, 4*a = 2*j - 218. List the prime factors of j.
113
Suppose -z + 0*z = -11. Let s(x) = -5*x - 12. Let r be s(z). Let f = r - -98. List the prime factors of f.
31
Let u(n) = -n**2 - 13*n + 5. Let z(m) = m**3 - 8*m**2 + 10*m + 3. Let r be z(6). What are the prime factors of u(r)?
41
Let h = -2 - -1. Let a(v) = -v**3 + v**2 + 3*v + 9. Let r be a(0). Let m = r - h. What are the prime factors of m?
2, 5
Let n be (-4 - -9)*2/2. Suppose 0 = 4*l - n*h - 78 - 59, 4*l - h = 117. List the prime factors of l.
2, 7
Suppose 5*l = 490 - 1305. Let k = l - -239. List the prime factors of k.
2, 19
Let r(p) = 393*p**2 + 5*p + 3. What are the prime factors of r(-1)?
17, 23
Let q(t) = -t**3 + 25*t**2 - 23*t - 131. What are the prime factors of q(19)?
2, 17, 47
Let s(u) = -u**2 + 3*u + 1. Let v be s(4). Let w be v/(-2 + 13/7). Suppose -3*r + 2*f = -w - 7, 4*r - 29 = f. List the prime factors of r.
2, 3
Let z = 256 - 7. Let i = z + -142. List the prime factors of i.
107
Let h(j) = j**3 + 8*j**2 - 14*j + 11. List the prime factors of h(-7).
2, 79
Let f(l) = -5*l + 3. Let m(v) = v**2 + 7*v. Let c be m(-6). Let b be f(c). What are the prime factors of 6/b - 819/(-33)?
5
Suppose 0 = -2*o - 5 - 31. What are the prime factors of 156/(-5)*-2 + o/45?
2, 31
Let s = 137 + -95. Suppose 4*l + s - 298 = 0. What are the prime factors of l?
2
Let m be 8/6 - (-60)/36. Suppose -10 = -m*x + 17. Let f = 0 + x. What are the prime factors of f?
3
Let w(k) be the first derivative of -k**3/3 - 136*k - 10. Let l be w(0). List the prime factors of l/(-4) + 1 + -4.
31
Let v = -1 + 3. Suppose -3*c + 3 = v*y - 6*y, -4*y = 4*c - 32. Suppose -c*i + 48 = g, 0 = -g + 3*g - 4*i - 110. What are the prime factors of g?
53
Let r = 27 + -23. Let c be (-3)/12 - 151/r. Let o = 78 + c. List the prime factors of o.
2, 5
Let a(n) = n**3 - 34*n**2 - 150*n + 48. What are the prime factors of a(39)?
3, 601
Let u be (44 + -2)/(-5 - -4). Let h = -31 - u. What are the prime factors of h?
11
Let c(y) = -y**2 + 26*y + 33. Let h be c(27). List the prime factors of (-390)/(h/(-3)) - 20/5.
191
Let q(f) = 2*f - 8. Let t be q(12). Let k = t - 11. Suppose -k*l - 127 = -3*x, x - 137 = -2*x - 5*l. List the prime factors of x.
2, 11
Let v(z) = 3*z**3 - 2*z**2 - 2*z + 4. Let c(r) = r**2 - r. Let d(i) = -c(i) + v(i). Let k be d(2). Suppose 0*n = n - k. What are the prime factors of n?
2, 7
Let f be ((-33)/6)/((-4)/(-8)). Let j = -9 - f. Suppose 2*b - 41 = -4*m + 31, 0 = j*b. List the prime factors of m.
2, 3
Let a = 87 + -43. Let h = a - -38. List the prime factors of h.
2, 41
Let b = 87 + -18. List the prime factors of b.
3, 23
List the prime factors of ((-80)/25*-5)/((-1)/(-66)).
2, 3, 11
Let i(v) = v**2 - 7*v - 5. Let j be i(7). Let l = 2 - j. Suppose -l*y + 476 = -0*y. List the prime factors of y.
2, 17
Let p(y) = 9*y**2 - 22*y + 28. What are the prime factors of p(-10)?
2, 7, 41
What are the prime factors of -2 + (-7)/(-3) - (-1108)/6?
5, 37
Suppose -4*t = 5*g - 3*t - 172, 5*t = 4*g - 155. Let s = 11 + g. What are the prime factors of s?
2, 23
Let i(s) = -21*s + 18. Let q be i(-14). Let v = q - 151. What are the prime factors of v?
7, 23
Let n(f) = 26*f**2 - 6. Let v be n(3). Let s = v - 117. List the prime factors of s.
3, 37
Let g(h) = -13*h - 2. Suppose -5*l - 9 = -2*l. What are the prime factors of g(l)?
37
Let k(v) = -4*v - 5. Let w